[INFO] cloning repository https://github.com/Yuto3S/image-filters
[INFO] running `Command { std: "git" "-c" "credential.helper=" "-c" "credential.helper=/workspace/cargo-home/bin/git-credential-null" "clone" "--bare" "https://github.com/Yuto3S/image-filters" "/workspace/cache/git-repos/https%3A%2F%2Fgithub.com%2FYuto3S%2Fimage-filters", kill_on_drop: false }`
[INFO] [stderr] Cloning into bare repository '/workspace/cache/git-repos/https%3A%2F%2Fgithub.com%2FYuto3S%2Fimage-filters'...
[INFO] running `Command { std: "git" "rev-parse" "HEAD", kill_on_drop: false }`
[INFO] [stdout] 654804e8327c11912e67b110df00ffd457d7f52c
[INFO] checking Yuto3S/image-filters against master#e6e4f7ed1589e03bc2f6c5931c1a72e7947e8682 for beta-170-4
[INFO] running `Command { std: "git" "clone" "/workspace/cache/git-repos/https%3A%2F%2Fgithub.com%2FYuto3S%2Fimage-filters" "/workspace/builds/worker-2-tc2/source", kill_on_drop: false }`
[INFO] [stderr] Cloning into '/workspace/builds/worker-2-tc2/source'...
[INFO] [stderr] done.
[INFO] validating manifest of git repo https://github.com/Yuto3S/image-filters on toolchain e6e4f7ed1589e03bc2f6c5931c1a72e7947e8682
[INFO] running `Command { std: CARGO_HOME="/workspace/cargo-home" RUSTUP_HOME="/workspace/rustup-home" "/workspace/cargo-home/bin/cargo" "+e6e4f7ed1589e03bc2f6c5931c1a72e7947e8682" "metadata" "--manifest-path" "Cargo.toml" "--no-deps", kill_on_drop: false }`
[INFO] started tweaking git repo https://github.com/Yuto3S/image-filters
[INFO] finished tweaking git repo https://github.com/Yuto3S/image-filters
[INFO] tweaked toml for git repo https://github.com/Yuto3S/image-filters written to /workspace/builds/worker-2-tc2/source/Cargo.toml
[INFO] crate git repo https://github.com/Yuto3S/image-filters already has a lockfile, it will not be regenerated
[INFO] running `Command { std: CARGO_HOME="/workspace/cargo-home" RUSTUP_HOME="/workspace/rustup-home" "/workspace/cargo-home/bin/cargo" "+e6e4f7ed1589e03bc2f6c5931c1a72e7947e8682" "fetch" "--manifest-path" "Cargo.toml", kill_on_drop: false }`
[INFO] running `Command { std: "docker" "create" "-v" "/var/lib/crater-agent-workspace/builds/worker-2-tc2/target:/opt/rustwide/target:rw,Z" "-v" "/var/lib/crater-agent-workspace/builds/worker-2-tc2/source:/opt/rustwide/workdir:ro,Z" "-v" "/var/lib/crater-agent-workspace/cargo-home:/opt/rustwide/cargo-home:ro,Z" "-v" "/var/lib/crater-agent-workspace/rustup-home:/opt/rustwide/rustup-home:ro,Z" "-e" "SOURCE_DIR=/opt/rustwide/workdir" "-e" "CARGO_TARGET_DIR=/opt/rustwide/target" "-e" "CARGO_HOME=/opt/rustwide/cargo-home" "-e" "RUSTUP_HOME=/opt/rustwide/rustup-home" "-w" "/opt/rustwide/workdir" "-m" "1610612736" "--user" "0:0" "--network" "none" "ghcr.io/rust-lang/crates-build-env/linux@sha256:19e73879b68f455e41552ea35293514db52ea292d993f571636dbffedb77a1ee" "/opt/rustwide/cargo-home/bin/cargo" "+e6e4f7ed1589e03bc2f6c5931c1a72e7947e8682" "metadata" "--no-deps" "--format-version=1", kill_on_drop: false }`
[INFO] [stdout] 6bb4d3aa7f7956895ec5d02e339050a369114f7f6d2e7245ef666cde43f8fbe5
[INFO] running `Command { std: "docker" "start" "-a" "6bb4d3aa7f7956895ec5d02e339050a369114f7f6d2e7245ef666cde43f8fbe5", kill_on_drop: false }`
[INFO] running `Command { std: "docker" "inspect" "6bb4d3aa7f7956895ec5d02e339050a369114f7f6d2e7245ef666cde43f8fbe5", kill_on_drop: false }`
[INFO] running `Command { std: "docker" "rm" "-f" "6bb4d3aa7f7956895ec5d02e339050a369114f7f6d2e7245ef666cde43f8fbe5", kill_on_drop: false }`
[INFO] [stdout] 6bb4d3aa7f7956895ec5d02e339050a369114f7f6d2e7245ef666cde43f8fbe5
[INFO] running `Command { std: "docker" "create" "-v" "/var/lib/crater-agent-workspace/builds/worker-2-tc2/target:/opt/rustwide/target:rw,Z" "-v" "/var/lib/crater-agent-workspace/builds/worker-2-tc2/source:/opt/rustwide/workdir:ro,Z" "-v" "/var/lib/crater-agent-workspace/cargo-home:/opt/rustwide/cargo-home:ro,Z" "-v" "/var/lib/crater-agent-workspace/rustup-home:/opt/rustwide/rustup-home:ro,Z" "-e" "SOURCE_DIR=/opt/rustwide/workdir" "-e" "CARGO_TARGET_DIR=/opt/rustwide/target" "-e" "CARGO_INCREMENTAL=0" "-e" "RUST_BACKTRACE=full" "-e" "RUSTFLAGS=--cap-lints=forbid" "-e" "RUSTDOCFLAGS=--cap-lints=forbid" "-e" "CARGO_HOME=/opt/rustwide/cargo-home" "-e" "RUSTUP_HOME=/opt/rustwide/rustup-home" "-w" "/opt/rustwide/workdir" "-m" "1610612736" "--user" "0:0" "--network" "none" "ghcr.io/rust-lang/crates-build-env/linux@sha256:19e73879b68f455e41552ea35293514db52ea292d993f571636dbffedb77a1ee" "/opt/rustwide/cargo-home/bin/cargo" "+e6e4f7ed1589e03bc2f6c5931c1a72e7947e8682" "check" "--frozen" "--all" "--all-targets" "--message-format=json", kill_on_drop: false }`
[INFO] [stdout] 5a566b37190301198d50f775e49b5f19f557fbbcd8309eeb5cb8227b2e2ecbaa
[INFO] running `Command { std: "docker" "start" "-a" "5a566b37190301198d50f775e49b5f19f557fbbcd8309eeb5cb8227b2e2ecbaa", kill_on_drop: false }`
[INFO] [stderr]    Compiling libc v0.2.123
[INFO] [stderr]    Compiling proc-macro2 v1.0.37
[INFO] [stderr]    Compiling unicode-xid v0.2.2
[INFO] [stderr]    Compiling syn v1.0.91
[INFO] [stderr]    Compiling num-traits v0.2.14
[INFO] [stderr]    Compiling lock_api v0.4.7
[INFO] [stderr]    Compiling version_check v0.9.4
[INFO] [stderr]    Compiling crossbeam-utils v0.8.8
[INFO] [stderr]    Compiling memoffset v0.6.5
[INFO] [stderr]    Compiling crossbeam-epoch v0.9.8
[INFO] [stderr]     Checking once_cell v1.10.0
[INFO] [stderr]    Compiling rayon-core v1.9.2
[INFO] [stderr]     Checking smallvec v1.8.0
[INFO] [stderr]    Compiling indexmap v1.8.1
[INFO] [stderr]    Compiling log v0.4.16
[INFO] [stderr]    Compiling parking_lot_core v0.8.5
[INFO] [stderr]    Compiling crc32fast v1.3.2
[INFO] [stderr]     Checking libloading v0.7.3
[INFO] [stderr]     Checking instant v0.1.12
[INFO] [stderr]    Compiling num-integer v0.1.44
[INFO] [stderr]    Compiling rayon v1.5.2
[INFO] [stderr]    Compiling ash v0.34.0+1.2.203
[INFO] [stderr]    Compiling khronos-egl v4.1.0
[INFO] [stderr]     Checking adler32 v1.2.0
[INFO] [stderr]     Checking byteorder v1.4.3
[INFO] [stderr]     Checking unicode-width v0.1.9
[INFO] [stderr]     Checking termcolor v1.1.3
[INFO] [stderr]     Checking bit-vec v0.6.3
[INFO] [stderr]     Checking adler v1.0.2
[INFO] [stderr]    Compiling ahash v0.7.6
[INFO] [stderr]    Compiling futures-core v0.3.21
[INFO] [stderr]     Checking gpu-descriptor-types v0.1.1
[INFO] [stderr]     Checking gpu-alloc-types v0.2.0
[INFO] [stderr]     Checking miniz_oxide v0.5.1
[INFO] [stderr]    Compiling cfg_aliases v0.1.1
[INFO] [stderr]     Checking rustc-hash v1.1.0
[INFO] [stderr]     Checking cty v0.2.2
[INFO] [stderr]     Checking either v1.6.1
[INFO] [stderr]     Checking codespan-reporting v0.11.1
[INFO] [stderr]     Checking hexf-parse v0.2.1
[INFO] [stderr]     Checking bit-set v0.5.2
[INFO] [stderr]     Checking gpu-alloc v0.5.3
[INFO] [stderr]     Checking raw-window-handle v0.4.3
[INFO] [stderr]    Compiling wgpu-core v0.12.2
[INFO] [stderr]     Checking crossbeam-channel v0.5.4
[INFO] [stderr]     Checking fxhash v0.2.1
[INFO] [stderr]     Checking spin v0.9.2
[INFO] [stderr]     Checking deflate v1.0.0
[INFO] [stderr]     Checking wgpu-types v0.12.0
[INFO] [stderr]    Compiling num-iter v0.1.42
[INFO] [stderr]    Compiling num-rational v0.4.0
[INFO] [stderr]     Checking inplace_it v0.3.3
[INFO] [stderr]     Checking weezl v0.1.5
[INFO] [stderr]     Checking crossbeam-deque v0.8.1
[INFO] [stderr]     Checking futures-sink v0.3.21
[INFO] [stderr]    Compiling quote v1.0.18
[INFO] [stderr]     Checking profiling v1.0.5
[INFO] [stderr]     Checking arrayvec v0.7.2
[INFO] [stderr]     Checking glow v0.11.2
[INFO] [stderr]     Checking renderdoc-sys v0.7.1
[INFO] [stderr]     Checking inflate v0.4.5
[INFO] [stderr]     Checking half v1.8.2
[INFO] [stderr]     Checking getrandom v0.2.6
[INFO] [stderr]     Checking num_cpus v1.13.1
[INFO] [stderr]     Checking flate2 v1.0.23
[INFO] [stderr]     Checking spirv v0.2.0+1.5.4
[INFO] [stderr]     Checking nanorand v0.7.0
[INFO] [stderr]     Checking parking_lot v0.11.2
[INFO] [stderr]     Checking threadpool v1.8.1
[INFO] [stderr]     Checking hashbrown v0.11.2
[INFO] [stderr]     Checking copyless v0.1.5
[INFO] [stderr]     Checking color_quant v1.1.0
[INFO] [stderr]     Checking lebe v0.5.1
[INFO] [stderr]     Checking bit_field v0.10.1
[INFO] [stderr]    Compiling anyhow v1.0.56
[INFO] [stderr]     Checking png v0.17.5
[INFO] [stderr]     Checking gif v0.11.3
[INFO] [stderr]     Checking bytemuck v1.9.1
[INFO] [stderr]     Checking scoped_threadpool v0.1.9
[INFO] [stderr]     Checking pollster v0.2.5
[INFO] [stderr]     Checking gpu-descriptor v0.2.2
[INFO] [stderr]     Checking jpeg-decoder v0.2.4
[INFO] [stderr]     Checking tiff v0.7.2
[INFO] [stderr]    Compiling thiserror-impl v1.0.30
[INFO] [stderr]    Compiling pin-project-internal v1.0.10
[INFO] [stderr]     Checking pin-project v1.0.10
[INFO] [stderr]     Checking thiserror v1.0.30
[INFO] [stderr]     Checking flume v0.10.12
[INFO] [stderr]     Checking naga v0.8.5
[INFO] [stderr]     Checking exr v1.4.1
[INFO] [stderr]     Checking image v0.24.1
[INFO] [stderr]     Checking wgpu-hal v0.12.4
[INFO] [stderr]     Checking wgpu v0.12.0
[INFO] [stderr]     Checking image-filters v0.1.0 (/opt/rustwide/workdir)
[INFO] [stdout] error[E0425]: cannot find value `device` in this scope
[INFO] [stdout]   --> src/main.rs:16:12
[INFO] [stdout]    |
[INFO] [stdout] 16 |     return device.create_texture(&wgpu::TextureDescriptor {
[INFO] [stdout]    |            ^^^^^^ not found in this scope
[INFO] [stdout] 
[INFO] [stdout] 
[INFO] [stdout] error[E0425]: cannot find value `texture_size` in this scope
[INFO] [stdout]   --> src/main.rs:18:15
[INFO] [stdout]    |
[INFO] [stdout] 18 |         size: texture_size,
[INFO] [stdout]    |               ^^^^^^^^^^^^ not found in this scope
[INFO] [stdout] 
[INFO] [stdout] 
[INFO] [stdout] error[E0425]: cannot find value `device` in this scope
[INFO] [stdout]   --> src/main.rs:16:12
[INFO] [stdout]    |
[INFO] [stdout] 16 |     return device.create_texture(&wgpu::TextureDescriptor {
[INFO] [stdout]    |            ^^^^^^ not found in this scope
[INFO] [stdout] 
[INFO] [stdout] 
[INFO] [stdout] error[E0425]: cannot find value `texture_size` in this scope
[INFO] [stdout]   --> src/main.rs:18:15
[INFO] [stdout]    |
[INFO] [stdout] 18 |         size: texture_size,
[INFO] [stdout]    |               ^^^^^^^^^^^^ not found in this scope
[INFO] [stdout] 
[INFO] [stdout] 
[INFO] [stdout] error[E0277]: the `?` operator can only be used in a function that returns `Result` or `Option` (or another type that implements `FromResidual`)
[INFO] [stdout]   --> src/main.rs:11:63
[INFO] [stdout]    |
[INFO] [stdout] 4  | fn get_device_and_queue() -> (Device, Queue) {
[INFO] [stdout]    | -------------------------------------------- this function should return `Result` or `Option` to accept `?`
[INFO] [stdout] ...
[INFO] [stdout] 11 |         .ok_or(anyhow::anyhow!("Couldn't create the adapter"))?;
[INFO] [stdout]    |                                                               ^ cannot use the `?` operator in a function that returns `(Device, Queue)`
[INFO] [stdout]    |
[INFO] [stdout]    = help: the trait `FromResidual<Result<Infallible, anyhow::Error>>` is not implemented for `(Device, Queue)`
[INFO] [stdout] 
[INFO] [stdout] 
[INFO] [stdout] error[E0277]: the `?` operator can only be used in a function that returns `Result` or `Option` (or another type that implements `FromResidual`)
[INFO] [stdout]   --> src/main.rs:11:63
[INFO] [stdout]    |
[INFO] [stdout] 4  | fn get_device_and_queue() -> (Device, Queue) {
[INFO] [stdout]    | -------------------------------------------- this function should return `Result` or `Option` to accept `?`
[INFO] [stdout] ...
[INFO] [stdout] 11 |         .ok_or(anyhow::anyhow!("Couldn't create the adapter"))?;
[INFO] [stdout]    |                                                               ^ cannot use the `?` operator in a function that returns `(Device, Queue)`
[INFO] [stdout]    |
[INFO] [stdout]    = help: the trait `FromResidual<Result<Infallible, anyhow::Error>>` is not implemented for `(Device, Queue)`
[INFO] [stdout] 
[INFO] [stdout] 
[INFO] [stdout] error[E0277]: the `?` operator can only be used in a function that returns `Result` or `Option` (or another type that implements `FromResidual`)
[INFO] [stdout]   --> src/main.rs:12:72
[INFO] [stdout]    |
[INFO] [stdout] 4  | fn get_device_and_queue() -> (Device, Queue) {
[INFO] [stdout]    | -------------------------------------------- this function should return `Result` or `Option` to accept `?`
[INFO] [stdout] ...
[INFO] [stdout] 12 |     return adapter.request_device(&Default::default(), None).block_on()?;
[INFO] [stdout]    |                                                                        ^ cannot use the `?` operator in a function that returns `(Device, Queue)`
[INFO] [stdout]    |
[INFO] [stdout]    = help: the trait `FromResidual<Result<Infallible, RequestDeviceError>>` is not implemented for `(Device, Queue)`
[INFO] [stdout] 
[INFO] [stdout] 
[INFO] [stdout] error[E0277]: the `?` operator can only be used in a function that returns `Result` or `Option` (or another type that implements `FromResidual`)
[INFO] [stdout]   --> src/main.rs:12:72
[INFO] [stdout]    |
[INFO] [stdout] 4  | fn get_device_and_queue() -> (Device, Queue) {
[INFO] [stdout]    | -------------------------------------------- this function should return `Result` or `Option` to accept `?`
[INFO] [stdout] ...
[INFO] [stdout] 12 |     return adapter.request_device(&Default::default(), None).block_on()?;
[INFO] [stdout]    |                                                                        ^ cannot use the `?` operator in a function that returns `(Device, Queue)`
[INFO] [stdout]    |
[INFO] [stdout]    = help: the trait `FromResidual<Result<Infallible, RequestDeviceError>>` is not implemented for `(Device, Queue)`
[INFO] [stdout] 
[INFO] [stdout] 
[INFO] [stdout] error: aborting due to 4 previous errors
[INFO] [stdout] 
[INFO] [stdout] 
[INFO] [stdout] Some errors have detailed explanations: E0277, E0425.
[INFO] [stdout] 
[INFO] [stdout] For more information about an error, try `rustc --explain E0277`.
[INFO] [stdout] 
[INFO] [stdout] error: aborting due to 4 previous errors
[INFO] [stdout] 
[INFO] [stdout] 
[INFO] [stdout] Some errors have detailed explanations: E0277, E0425.
[INFO] [stdout] 
[INFO] [stdout] For more information about an error, try `rustc --explain E0277`.
[INFO] [stdout] 
[INFO] [stderr] error: could not compile `image-filters` (bin "image-filters") due to 5 previous errors
[INFO] [stderr] warning: build failed, waiting for other jobs to finish...
[INFO] [stderr] error: could not compile `image-filters` (bin "image-filters" test) due to 5 previous errors
[INFO] running `Command { std: "docker" "inspect" "5a566b37190301198d50f775e49b5f19f557fbbcd8309eeb5cb8227b2e2ecbaa", kill_on_drop: false }`
[INFO] running `Command { std: "docker" "rm" "-f" "5a566b37190301198d50f775e49b5f19f557fbbcd8309eeb5cb8227b2e2ecbaa", kill_on_drop: false }`
[INFO] [stdout] 5a566b37190301198d50f775e49b5f19f557fbbcd8309eeb5cb8227b2e2ecbaa
